
0
What is the units digit of 59918?
8
What is the units digit of 1564?
4
What is the tens digit of 45?
4
What is the thousands digit of 8051?
8
What is the units digit of 4632?
2
What is the units digit of 33727?
7
What is the units digit of 41186?
6
What is the units digit of 5395?
5
What is the units digit of 623?
3
What is the thousands digit of 12223?
2
What is the tens digit of 12479?
7
What is the hundreds digit of 5751?
7
What is the ten thousands digit of 93200?
9
What is the thousands digit of 11681?
1
What is the hundreds digit of 1263?
2
What is the tens digit of 21318?
1
What is the tens digit of 6846?
4
What is the thousands digit of 24771?
4
What is the hundreds digit of 18220?
2
What is the thousands digit of 2457?
2
What is the units digit of 21176?
6
What is the tens digit of 2776?
7
What is the hundreds digit of 28709?
7
What is the tens digit of 2315?
1
What is the tens digit of 814?
1
What is the units digit of 111472?
2
What is the hundreds digit of 6926?
9
What is the hundreds digit of 305?
3
What is the units digit of 9033?
3
What is the units digit of 338?
8
What is the hundreds digit of 42365?
3
What is the ten thousands digit of 13079?
1
What is the ten thousands digit of 98923?
9
What is the ten thousands digit of 52191?
5
What is the ten thousands digit of 80633?
8
What is the tens digit of 700?
0
What is the units digit of 3993?
3
What is the ten thousands digit of 48813?
4
What is the units digit of 1258?
8
What is the units digit of 971?
1
What is the units digit of 1029?
9
What is the units digit of 66304?
4
What is the units digit of 9955?
5
What is the units digit of 841?
1
What is the tens digit of 2057?
5
What is the tens digit of 8199?
9
What is the thousands digit of 3529?
3
What is the tens digit of 28374?
7
What is the hundreds digit of 5114?
1
What is the units digit of 31218?
8
What is the units digit of 139?
9
What is the ten thousands digit of 34331?
3
What is the units digit of 15344?
4
What is the units digit of 493?
3
What is the thousands digit of 1419?
1
What is the hundreds digit of 575?
5
What is the thousands digit of 1884?
1
What is the hundreds digit of 5896?
8
What is the thousands digit of 26528?
6
What is the hundreds digit of 105?
1
What is the hundreds digit of 2752?
7
What is the hundreds digit of 103717?
7
What is the tens digit of 759?
5
What is the tens digit of 38803?
0
What is the units digit of 1900?
0
What is the units digit of 8501?
1
What is the units digit of 555?
5
What is the tens digit of 8049?
4
What is the tens digit of 849?
4
What is the tens digit of 2405?
0
What is the units digit of 7798?
8
What is the tens digit of 93?
9
What is the units digit of 224?
4
What is the hundreds digit of 369?
3
What is the units digit of 2469?
9
What is the hundreds digit of 1430?
4
What is the tens digit of 1852?
5
What is the hundreds digit of 2242?
2
What is the ten thousands digit of 38772?
3
What is the units digit of 5251?
1
What is the thousands digit of 5552?
5
What is the tens digit of 263?
6
What is the hundreds digit of 2879?
8
What is the tens digit of 78076?
7
What is the thousands digit of 49962?
9
What is the tens digit of 80060?
6
What is the thousands digit of 38600?
8
What is the ten thousands digit of 45596?
4
What is the hundreds digit of 42606?
6
What is the tens digit of 14439?
3
What is the tens digit of 13139?
3
What is the tens digit of 21467?
6
What is the tens digit of 14195?
9
What is the units digit of 15104?
4
What is the thousands digit of 144254?
4
What is the tens digit of 7361?
6
What is the tens digit of 302?
0
What is the units digit of 1400?
0
What is the thousands digit of 31376?
1
What is the hundreds digit of 3144?
1
What is the tens digit of 140?
4
What is the hundreds digit of 1695?
6
What is the hundreds digit of 56203?
2
What is the units digit of 3776?
6
What is the tens digit of 818?
1
What is the thousands digit of 2229?
2
What is the units digit of 9661?
1
What is the thousands digit of 1171?
1
What is the ten thousands digit of 11527?
1
What is the thousands digit of 55309?
5
What is the hundreds digit of 2894?
8
What is the tens digit of 27?
2
What is the tens digit of 41024?
2
What is the ten thousands digit of 183147?
8
What is the units digit of 6468?
8
What is the units digit of 2177?
7
What is the units digit of 1226?
6
What is the hundreds digit of 1321?
3
What is the hundreds digit of 1278?
2
What is the units digit of 1470?
0
What is the tens digit of 10137?
3
What is the thousands digit of 154055?
4
What is the units digit of 29361?
1
What is the thousands digit of 132602?
2
What is the thousands digit of 21425?
1
What is the thousands digit of 112777?
2
What is the hundreds digit of 1097?
0
What is the units digit of 6419?
9
What is the hundreds digit of 23883?
8
What is the units digit of 3514?
4
What is the hundreds digit of 136944?
9
What is the tens digit of 4216?
1
What is the thousands digit of 32245?
2
What is the hundreds digit of 591?
5
What is the hundreds digit of 84273?
2
What is the ten thousands digit of 71002?
7
What is the tens digit of 1581?
8
What is the thousands digit of 29291?
9
What is the units digit of 18710?
0
What is the units digit of 631?
1
What is the hundreds digit of 1086?
0
What is the ten thousands digit of 23101?
2
What is the units digit of 251?
1
What is the hundreds digit of 36413?
4
What is the units digit of 2099?
9
What is the units digit of 208?
8
What is the hundreds digit of 30644?
6
What is the thousands digit of 12556?
2
What is the units digit of 2633?
3
What is the hundreds digit of 3519?
5
What is the thousands digit of 99970?
9
What is the hundreds digit of 6824?
8
What is the hundreds digit of 119458?
4
What is the tens digit of 393?
9
What is the ten thousands digit of 35351?
3
What is the hundreds digit of 1759?
7
What is the tens digit of 741?
4
What is the ten thousands digit of 21827?
2
What is the units digit of 26992?
2
What is the tens digit of 165?
6
What is the thousands digit of 1135?
1
What is the ten thousands digit of 33942?
3
What is the tens digit of 2584?
8
What is the hundreds digit of 4390?
3
What is the tens digit of 4166?
6
What is the tens digit of 57475?
7
What is the hundreds digit of 930?
9
What is the units digit of 351?
1
What is the thousands digit of 2129?
2
What is the thousands digit of 115664?
5
What is the tens digit of 16523?
2
What is the tens digit of 1356?
5
What is the tens digit of 1887?
8
What is the units digit of 375?
5
What is the units digit of 9835?
5
What is the units digit of 8464?
4
What is the tens digit of 3630?
3
What is the tens digit of 724?
2
What is the hundreds digit of 35921?
9
What is the thousands digit of 3172?
3
What is the thousands digit of 2356?
2
What is the ten thousands digit of 30873?
3
What is the hundreds digit of 90460?
4
What is the tens digit of 2529?
2
What is the hundreds digit of 32068?
0
What is the tens digit of 548?
4
What is the tens digit of 846?
4
What is the units digit of 5566?
6
What is the tens digit of 161?
6
What is the hundreds digit of 1388?
3
What is the tens digit of 2822?
2
What is the hundreds digit of 90259?
2
What is the tens digit of 9975?
7
What is the tens digit of 438?
3
What is the tens digit of 230?
3
What is the thousands digit of 1391?
1
What is the hundreds digit of 825?
8
What is the tens digit of 272?
7
What is the tens digit of 1088?
8
What is the ten thousands digit of 17999?
1
What is the thousands digit of 74925?
4
What is the hundreds digit of 86332?
3
What is the thousands digit of 2089?
2
What is the tens digit of 91143?
4
What is the units digit of 55?
5
What is the tens digit of 958?
5
What is the units digit of 4756?
6
What is the units digit of 2046?
6
What is the tens digit of 7453?
5
What is the tens digit of 4951?
5
What is the thousands digit of 26923?
6
What is the tens digit of 141?
4
What is the hundreds digit of 6537?
5
What is the units digit of 2229?
9
What is the hundreds digit of 1271?
2
What is the tens digit of 11349?
4
What is the thousands digit of 179459?
9
What is the ten thousands digit of 11788?
1
What is the thousands digit of 2356?
2
What is the tens digit of 30762?
6
What is the tens digit of 64?
6
What is the hundreds digit of 310?
